r?
False
Let q be 1*(-2)/(-6)*9 - -27. Suppose -q = 4*v - 6. Is (-6 - v) + (-996)/(-4) a prime number?
False
Suppose 61*k = 48*k + 3882073. Is k prime?
True
Suppose 152097 = 3*g - 3*s - 52686, 0 = g + 5*s - 68261. Is g prime?
True
Let f(x) = 2*x**3 + 74*x**2 + 73*x - 56. Is f(-33) a composite number?
False
Let t(d) = -1. Let v(h) = h**2 + 18*h + 26. Let l(j) = 6*t(j) + v(j). Let k be l(-16). Let c(g) = g**3 + 13*g**2 - 5*g - 5. Is c(k) prime?
True
Suppose 5*h - 3*v - 1690619 = 0, -448*h + 2*v + 1352492 = -444*h. Is h a prime number?
True
Let t(l) = l**3 + 26*l**2 - 26*l + 31. Let p be t(-27). Suppose i - 2*i = -5*x + 11351, 9096 = p*x + 3*i. Is x composite?
True
Let n(s) = -6*s + 24. Let r be n(3). Is (-3)/6 + 981/r composite?
False
Let p = -348 - 343. Let w = p - -1940. Is w composite?
False
Let w(i) = 2*i**3 + 10*i**2 - 5*i - 13. Let l be w(-5). Let b(g) = -6 + 0 + l - 5 + 4200*g. Is b(1) a composite number?
False
Let k(s) = 4*s**2 - 6*s - 3. Let j be k(6). Let f(x) = 4*x**2 - 6*x + 19. Let r be f(8). Let v = r - j. Is v a prime number?
False
Suppose 3*z + 14*d = 13*d + 66564, -4*d + 22177 = z. Is z a prime number?
True
Let m(j) = -j**3 - 11*j**2 + 10*j - 4. Let d be m(-12). Let p = d - 16. Suppose s = -p*s + 4*z + 1635, 2*z - 10 = 0. Is s prime?
True
Let i = 20193 - -21806. Is i a prime number?
True
Suppose 0 = -32*q + 4834913 + 97071 + 10412880. Is q a prime number?
False
Suppose 95*a = 9299416 - 931820 + 2178639. Is a a prime number?
False
Let n(t) = 124*t + 3. Let w be -4 - (1 - -1)/(-2). Let g be -1 + (-2 - (w - 1 - 1)). Is n(g) a prime number?
True
Is (-10 + 13)*32858 + -13 a prime number?
True
Let h be (3 - 2)*-4*3/1. Is (-3 - (-10 - -4))*(-1028)/h a composite number?
False
Suppose 11*x + 80*x - 8383222 = -15*x. Is x prime?
True
Let q(y) = -23*y**3 - y - 4. Let j(t) = -23*t**3 - t - 3. Let n(x) = 5*j(x) - 4*q(x). Let v be n(1). Let p(s) = -s**3 - 23*s**2 - 34*s + 5. Is p(v) composite?
False
Suppose 77*u - i = 76*u + 274812, -9*u - 4*i = -2473295. Is u prime?
True
Suppose -4*w - 165275 = 2*h + 7013, 215366 = -5*w - 4*h. Let f = 63751 + w. Is f composite?
False
Suppose 5*s + 33123530 = 52*s + 63*s. Is s a composite number?
False
Suppose 0 = -4*t + 39148 + 162584. Is t a composite number?
True
Let v = 30197 - -6204. Is v a prime number?
False
Let t be (1 - 3)*6/(-4). Suppose t*f + 2*v = 6*v + 28, -4*f + 4 = 3*v. Suppose -4*q - 3*y + 809 = -0*q, f*q - 4*y - 816 = 0. Is q prime?
False
Suppose -6*m + 26 = 2. Suppose -m*t = -3*t - 2453. Suppose 0 = 12*f - f - t. Is f prime?
True
Let c be (-411)/(-7) - (-18)/63. Suppose -58*r - 2721 = -c*r. Is r a prime number?
False
Suppose 2381403 = 4*x - f, 4*f - 942926 - 843131 = -3*x. Is x a composite number?
False
Let s(q) = q**3 - 18*q**2 - 5*q - 6. Let h be s(24). Let o = h - 2135. Is o composite?
True
Let n(d) = -d**3 + 27*d**2 + 28*d. Let b be n(28). Suppose b = -6*w + 2*w + 8812. Is w composite?
False
Suppose -3 - 1 = -2*r. Suppose q = -2*i - 10 + 22, r*q + 5*i - 29 = 0. Suppose -4*v + 290 = q*b - 136, -2*b - 2*v + 436 = 0. Is b composite?
False
Let z be (-4)/(24/198)*2/(-6). Suppose -5*p + z*n = 6*n - 3130, -2513 = -4*p + n. Is p a composite number?
True
Suppose -286985 = -20*u + 820475. Is u composite?
False
Let m = -53777 - -160726. Suppose -427 - m = -16*n. Is n a composite number?
True
Suppose 60*o = 57*o + 2994. Is o*((-5)/2 - -3) composite?
False
Suppose 0*u = 4*u - 5*f + 35, 5*u + 40 = 5*f. Let y = u - -31. Let r = 7 + y. Is r a composite number?
True
Let g(u) = -18*u + 164. Let r be g(10). Let s(m) = -1205*m + 251. Is s(r) composite?
False
Let g = -147 - -165. Suppose -12*a = -g*a + 33498. Is a composite?
True
Is (-373834)/(-10)*(-43 - -48) a prime number?
True
Let p(r) = 13154*r**3 - 14*r**2 - 8*r + 7. Is p(2) composite?
False
Suppose -3404 = -9*z + 1762. Let a = 2425 + z. Is a composite?
False
Let x be 0 - -4*(-2 - -3). Let t be (-2 + x - -1)*-11. Is (t + 19)/(4/(-86)) composite?
True
Suppose 2*g - 229189 + 17995 = -4*c, -2 = 2*g. Is c a prime number?
False
Suppose 58*o - 55*o = -r + 468351, 3*o - 5*r = 468387. Is o composite?
False
Suppose 5*p + 1 = 3*n, -4*n - 3 - 13 = 2*p. Let a(r) = -5185*r - 3. Let u be a(n). Suppose 6*s = -4998 + u. Is s composite?
False
Let i(v) = 269*v - 11. Let k(m) = -1. Let n(l) = i(l) - 5*k(l). Is n(11) composite?
False
Let r(a) be the third derivative of 31*a**5/60 - 9*a**4/8 + a**3/6 - 13*a**2 + 1. Is r(13) composite?
False
Suppose -g + 1 = 0, 3*b = -g + 58382 - 6574. Suppose 4*r + 1324 = -u + 15147, 5*r - 2*u = b. Is r prime?
False
Is 3897246/9 - (-17)/(-51) a prime number?
False
Let j be -9*(-22)/4*(15 + 23). Suppose 3*k = 3*y + j, 815 + 1058 = 3*k - y. Is k a composite number?
True
Suppose -298*n + 306*n - 4880 = 0. Let y = n + -257. Is y composite?
False
Let w = 70 + 501. Let l = 1406 - w. Is l a prime number?
False
Suppose 2*p - 24 = -4*c - p, -4*c - 2*p = -20. Suppose -2*a - 13189 = -3*j, 0 = -c*j - 0*a - 4*a + 13159. Is j prime?
False
Let p(m) = 333*m**3 + 7*m**2 + 3*m - 9. Is p(4) a prime number?
False
Suppose 4*g + 0 - 8 = 0. Let b be (g/(-5))/(1/(-10)). Suppose -2*s - l + 5*l + 574 = 0, 4*s - 1172 = -b*l. Is s a prime number?
False
Let n(c) = -c**2 + 7*c + 2. Let s be n(7). Let w be (-3)/6 + ((-15)/s)/5. Is 1/w + (-3117)/(-6) a composite number?
True
Let f(j) = j**2 + 3*j - 21. Let a be f(-7). Suppose a*d = 9*d - 1594. Is d composite?
False
Suppose -11*t - m - 19618 = -13*t, 2*t + 3*m = 19634. Is t a composite number?
False
Suppose 4*n + 238 = -r, 3*n - 33 + 266 = -r. Let x = 329 + r. Is x composite?
True
Let x be 8*-5*1/(-10). Suppose -2*k = x*h + k - 29, 5*k = 3*h. Suppose 3*m - h*m + 440 = 3*t, -630 = -3*m + 3*t. Is m prime?
False
Suppose 5*c + 3662 = 3*i, -2*c - i - 1463 = -4*i. Let r = c + 1364. Is r a composite number?
False
Let v be (6 - 9) + (-1 - 0). Is (37/(-3))/(v/(22992/4)) a composite number?
True
Let s(g) = 1781*g**3 - 11*g**2 + 29*g - 5. Is s(2) a composite number?
True
Let q(n) = -93*n**3 + 3*n**2 - n - 1. Let m be q(1). Let r = m - -96. Suppose -r*k - 7587 = -l, -4305 + 34738 = 4*l + k. Is l prime?
True
Let i(n) = 2*n**3 - 5*n + 4. Let g be i(5). Suppose -2*f - 3*w + 6*w = 279, 2 = 2*w. Let y = f + g. Is y prime?
False
Suppose 15*q = 13*q + 5*h + 101, -4*q + 2*h + 162 = 0. Suppose -4*j + 3*c + q = -794, -5*c = -20. Is j a composite number?
False
Let c be (21618/(-3))/(0 - -1). Let j = c - -15571. Suppose 0 = 43*p - 48*p + j. Is p prime?
False
Let x = 29098 - 6150. Suppose -437*j - x = -441*j. Is j a prime number?
True
Let m = 33281 + -16895. Suppose 0 = 5*l + 5*n - 16350, 4*n + m = l + 4*l. Is l a composite number?
True
Let x = 533 - 524. Suppose q = 3*k + 37414, -x*k - 37444 = -q - 12*k. Is q a composite number?
True
Suppose -3*l = -5*j - 146706, l = -3*j + 27077 + 21839. Is l a prime number?
True
Let q(n) = -32*n - 89. Let h be q(-3). Is ((-71794)/h)/(10 - 576/56) a prime number?
True
Let l(n) = 9*n + 83. Let s(w) = -w. Let t(i) = -2*l(i) - 6*s(i). Is t(-19) a composite number?
True
Let u = 1612 - 507. Suppose -4*g + 4468 = 3*j, -g + 12 = -2*j - u. Is g a prime number?
True
Let g(c) = c**2 + 20*c - 38. Suppose 15 = 5*r + 5. Let u be -2 + r + 14 + -1. Is g(u) a prime number?
False
Suppose 19389020 = -s + 86*s + 55*s. Is s composite?
False
Is (111/(-6))/(10/(-157340)) a composite number?
True
Let g be 12/(-10)*-1*441920/24. Suppose 8*p - g = 4*p. Suppose p = 4*i - 2*i + 2*x, x - 5523 = -2*i. Is i composite?
True
Let p(y) = y**3 - 2*y + 1081. Let d(f) = -f**2 + 4*f + 21. Let j be d(7). Is p(j) a composite number?
True
Let b(x) = -x**3 - 10*x**2 - 13*x + 9. Let j be (((-12)/(-3))/12)/((-2)/(-12)). Suppose -2*k - 2*k - j*f = 56, -5*f = 10. Is b(k) a prime number?
False
Let z(y) = y**3 - y**2 + y - 1. Let f(k) = -k - 9. Let r be f(-11). Let p(u) = -u**3 + 12*u**2 - 13*u + 15. Let w(q) = r*z(q) + p(q). Is w(-11) a prime number?
True
Let u = 198867 - 44324. Is u composite?
False
Let z = -187456 - -337722. Is z a composite number?
True
Let u(q) = 25*q**2 + 2 - q**2 - 2*q - 7 + 0. Let h be u(4). Let z = h - -68. Is z composite?
False
Let j be (-302)/(-34) + (4 - 528/136). Let h(x) = x**3 + x - 2. Let b be h(2). Suppose -b*g + j*g = 94. Is g prime?
False
Suppose 0 = 7*w - 45 - 67. Suppose -w*o + 20 = -14*o. Suppose -o*c - 1123 = -11*c